{"id":571,"date":"2016-10-03T08:03:11","date_gmt":"2016-10-03T08:03:11","guid":{"rendered":"http:\/\/www.restauranteescalo.com\/formentera\/?page_id=571"},"modified":"2018-06-11T10:44:44","modified_gmt":"2018-06-11T10:44:44","slug":"aviso-legal","status":"publish","type":"page","link":"https:\/\/www.restauranteescalo.com\/formentera\/aviso-legal\/","title":{"rendered":"Aviso Legal"},"content":{"rendered":"[mk_page_section bg_image=\u00bbhttp:\/\/www.restauranteescalo.com\/formentera\/wp-content\/uploads\/2016\/09\/IMG_7680lala.jpg\u00bb bg_stretch=\u00bbtrue\u00bb bg_gradient=\u00bbleft_top\u00bb min_height=\u00bb300&#8243; padding_top=\u00bb120&#8243; padding_bottom=\u00bb20&#8243; sidebar=\u00bbsidebar-1&#8243;][vc_column][vc_column_text align=\u00bbcenter\u00bb]<img loading=\"lazy\" class=\"alignnone wp-image-205 size-full\" src=\"http:\/\/www.restauranteescalo.com\/formentera\/wp-content\/uploads\/2016\/09\/pez1.png\" alt=\"pez1\" width=\"425\" height=\"200\" srcset=\"https:\/\/www.restauranteescalo.com\/formentera\/wp-content\/uploads\/2016\/09\/pez1.png 425w, https:\/\/www.restauranteescalo.com\/formentera\/wp-content\/uploads\/2016\/09\/pez1-300x141.png 300w, https:\/\/www.restauranteescalo.com\/formentera\/wp-content\/uploads\/2016\/09\/pez1-330x155.png 330w\" sizes=\"(max-width: 425px) 85vw, 425px\" \/>[\/vc_column_text][mk_fancy_title color=\u00bb#ffffff\u00bb size=\u00bb42&#8243; font_weight=\u00bb400&#8243; txt_transform=\u00bbnone\u00bb font_family=\u00bbSatisfy\u00bb font_type=\u00bbgoogle\u00bb align=\u00bbcenter\u00bb]Aviso Legal[\/mk_fancy_title][\/vc_column][\/mk_page_section][vc_row][vc_column][vc_empty_space height=\u00bb60&#8243;][\/vc_column][\/vc_row][vc_row][vc_column width=\u00bb2\/3&#8243;][mk_fancy_title color=\u00bb#009ee0&#8243; size=\u00bb30&#8243; font_weight=\u00bb400&#8243; txt_transform=\u00bbnone\u00bb margin_bottom=\u00bb10&#8243; font_family=\u00bbnone\u00bb]Aviso Legal[\/mk_fancy_title][\/vc_column][vc_column width=\u00bb1\/3&#8243;][\/vc_column][\/vc_row][vc_row][vc_column width=\u00bb5\/6&#8243;][vc_column_text]1.- RESTAURANTEESCALO.com no guarda, ni almacena ning\u00fan tipo de dato de ninguna persona o visitante a la web de www.RESTAURANTEESCALO.com, la \u00fanica finalidad de cualquier formulario de contacto de RESTAURANTEESCALO.com es simplemente para realizar una petici\u00f3n de informaci\u00f3n, una vez respondida esta petici\u00f3n de informaci\u00f3n, todo los datos y el email original son eliminados de forma permanente para no tener datos de ning\u00fan usuario y para no hacer ning\u00fan otro uso de estos datos. En cumplimiento de la normativa vigente, RESTAURANTEESCALO.com no realizar\u00e1 ning\u00fan tipo de acci\u00f3n con los datos que se envian desde los formularios de la web de www.RESTAURANTEESCALO.com y cada a\u00f1o natural todos los emails y datos enviados desde la web ser\u00e1n eliminados de forma permanente para que no quede constancia de ning\u00fan dato de ning\u00fan cliente en los servidores u ordenadores de www.RESTAURANTEESCALO.com en cumplimiento de la ley vigente de Protecci\u00f3n de datos de la Uni\u00f3n Europea.<\/p>\n<p>2.- RESTAURANTEESCALO.COM ofrece en su p\u00e1gina web informaci\u00f3n relacionada con el tipo de actividades, productos y servicios que realiza, debiendo ser considerada dicha informaci\u00f3n a modo de introducci\u00f3n. La finalidad principal de la p\u00e1gina web es publicitaria e informativa, asimismo, se ofrece la posibilidad de contactar o solicitar informaci\u00f3n mas detallada de los servicios de RESTAURANTEESCALO.<\/p>\n<p>3.- Se pone a disposici\u00f3n de los visitantes en general y de los usuarios de la web en especial, la direcci\u00f3n de correo INFO@RESTAURANTEESCALO.COM para que puedan manifestar sus quejas y comentarios en relaci\u00f3n con los contenidos e informaciones que se faciliten a trav\u00e9s de la p\u00e1gina, que ser\u00e1n debidamente atendidos, corrigiendo inmediatamente aquellas situaciones que representen un perjuicio, no respondan a la verdad o supongan ofensa para alguna persona o colectivo.<\/p>\n<p>4.- El env\u00edo de datos a trav\u00e9s de los formularios de informaci\u00f3n supone una mera consulta no vinculante para RESTAURANTEESCALO.COM. Toda la informaci\u00f3n que facilite el Usuario a trav\u00e9s de los formularios de informaci\u00f3n deber\u00e1 ser veraz. A estos efectos, el visitante de la web garantiza la autenticidad de todos aquellos datos que comunique como consecuencia de la cumplimentaci\u00f3n de los formularios necesarios para la solicitud de informaci\u00f3n. En todo caso el visitante de la web ser\u00e1 el \u00fanico responsable de las manifestaciones falsas o inexactas que realice y de los perjuicios que cause a RESTAURANTEESCALO.COM o a terceros por la informaci\u00f3n que facilite.<\/p>\n<p>5.- RESTAURANTEESCALO.COM se reserva el derecho de cambiar, modificar, a\u00f1adir y\/o eliminar en cualquier momento y sin previo aviso parte de estas condiciones y hacer cambios en el contenido de la p\u00e1gina. Le recomendamos revise peri\u00f3dicamente los posibles cambios. Las modificaciones mencionadas que eventualmente pudiera hacerse no dar\u00e1n derecho al visitante a indemnizaci\u00f3n alguna.<\/p>\n<p>6.- RESTAURANTEESCALO.COM no se responsabiliza de las posibles discrepancias que puedan surgir entre la versi\u00f3n de sus documentos impresos y la versi\u00f3n electr\u00f3nica de los mismos publicados en su p\u00e1gina web. Los textos y fotograf\u00edas publicados en la p\u00e1gina web, podr\u00edan incluir errores tipogr\u00e1ficos. La informaci\u00f3n est\u00e1 sometida a cambios peri\u00f3dicos.<\/p>\n<p>7.- Los textos (informaciones, conceptos, publicidad y otros an\u00e1logos), marcas registradas, secretos de marca, tecnolog\u00edas, productos, procesos y elementos gr\u00e1ficos (dise\u00f1o, fotos, logos, marcas, c\u00f3digo fuente y otros an\u00e1logos) que constituyen la p\u00e1gina web y\/o difundidos a trav\u00e9s de esta, as\u00ed como su presentaci\u00f3n o montaje, est\u00e1n sujetos a derechos de propiedad Industrial e Intelectual. Todo el contenido de la p\u00e1gina web (texto, logos, marcas, fotos, etc.) es propiedad de RESTAURANTEESCALO.COM. En la p\u00e1gina web tambi\u00e9n se han incluido textos, fotograf\u00edas y referencias bibliogr\u00e1ficas autor\u00eda y propiedad de terceras empresas. Estos contenidos est\u00e1n sujetos a los mismos derechos de propiedad industrial e intelectual.<\/p>\n<p>8.- RESTAURANTEESCALO.COM tiene en propiedad el Copyright de esta p\u00e1gina web. El acceso a esta no implica, bajo ning\u00fan aspecto, licencia alguna para su reproducci\u00f3n, distribuci\u00f3n, comercializaci\u00f3n y\/o transformaci\u00f3n que, en todo caso, estar\u00e1 prohibida salvo previo y expreso consentimiento de RESTAURANTEESCALO.COM.<\/p>\n<p>9.- RESTAURANTEESCALO.COM realiza sus mejores esfuerzos para mantener la continuidad de la informaci\u00f3n y servicios ofrecidos a trav\u00e9s de su p\u00e1gina web RESTAURANTEESCALO.COM. Nuestra vocaci\u00f3n es ofrecer un servicio de la m\u00e1xima calidad a los visitantes de nuestra p\u00e1gina web. No obstante RESTAURANTEESCALO.COM no puede garantizar la continuidad y disponibilidad de los servicios de la p\u00e1gina web en el futuro. RESTAURANTEESCALO.COM queda excluida de cualquier responsabilidad por da\u00f1os y perjuicios de toda naturaleza que pudieran ser debidas al mal funcionamiento, o falta de disponibilidad de la p\u00e1gina web RESTAURANTEESCALO.COM y sus sistemas de comunicaci\u00f3n relacionados, debido a causas de fuerza mayor o interrupci\u00f3n o interferencias en las redes de transmisi\u00f3n de informaci\u00f3n.<\/p>\n<p>10.- El Usuario se compromete a utilizar RESTAURANTEESCALO.COM de manera conforme con la ley, con lo dispuesto en estas Condiciones Generales, la moral y buenas costumbres generalmente aceptadas y el orden p\u00fablico, y se obliga a abstenerse de utilizar RESTAURANTEESCALO.COM con fines o efectos il\u00edcitos, contrarios a lo establecido en las presentes Condiciones Generales, lesivos de los derechos e intereses de terceros, o que de cualquier forma puedan da\u00f1ar, inutilizar, sobrecargar o deteriorar RESTAURANTEESCALO.COM o impedir la normal utilizaci\u00f3n o disfrute de la web por parte de los Usuarios. RESTAURANTEESCALO.COM no se responsabiliza de los da\u00f1os o perjuicios derivados del acceso, uso o mala utilizaci\u00f3n de los contenidos de la p\u00e1gina web.<\/p>\n<p>11.- RESTAURANTEESCALO.COM ha incluido en su p\u00e1gina web referencias a empresas y enlaces (links). La presencia de estos datos en la p\u00e1gina web de RESTAURANTEESCALO.COM tiene finalidad puramente informativa y en ning\u00fan caso supone sugerencia, invitaci\u00f3n o recomendaci\u00f3n sobre las mismas. RESTAURANTEESCALO.COM no ejerce ning\u00fan control, ni asume ninguna responsabilidad por la informaci\u00f3n contenida en las p\u00e1ginas web de terceros a las que se pueda acceder por enlaces (links). El establecimiento de un link no implica en ning\u00fan caso la existencia de relaciones entre RESTAURANTEESCALO.COM y el propietario de la p\u00e1gina web en la que se establezca, ni la aceptaci\u00f3n y aprobaci\u00f3n por parte de RESTAURANTEESCALO.COM de sus contenidos o servicios all\u00ed ofrecidos puestos a disposici\u00f3n del p\u00fablico.<\/p>\n<p>12.- El Usuario se obliga a abstenerse de:<\/p>\n<p>&#8211; Recabar datos con finalidad publicitaria y de remitir publicidad de cualquier clase y comunicaciones con fines de venta u otras de naturaleza comercial sin que medie su previa solicitud o consentimiento<\/p>\n<p>&#8211; Remitir cualesquiera otros mensajes no solicitados ni consentidos previamente a una pluralidad de personas.<\/p>\n<p>&#8211; Enviar cadenas de mensajes electr\u00f3nicos no solicitados ni previamente consentidos.<\/p>\n<p>&#8211; Utilizar listas de distribuci\u00f3n a las que pueda accederse a trav\u00e9s de RESTAURANTEESCALO.COM para la realizaci\u00f3n de las actividades se\u00f1aladas en los apartados anteriores.<\/p>\n<p>&#8211; Poner a disposici\u00f3n de terceros, con cualquier finalidad, datos recabados a partir de RESTAURANTEESCALO.COM.<\/p>\n<p>13.- RESTAURANTEESCALO.COM informa que para que se puedan realizar Links desde otras paginas a la nuestra, la Empresa o Persona interesada en ello lo tendr\u00e1 que solicitar a RESTAURANTEESCALO.COM por escrito o bien a trav\u00e9s de E-mail. Este tipo de enlace ser\u00e1 realizado mediante un Link dentro del apartado Enlaces de Inter\u00e9s de la pagina externa y nunca se permitir\u00e1 que al llamar a una pagina en Internet, esta enganche autom\u00e1ticamente con la nuestra ya que esto seria una violaci\u00f3n del derecho de propiedad comercial, procediendo judicialmente contra la entidad que realice dicha conexi\u00f3n, ya que al usar el nombre de dominio, intencionadamente intenta atraer, para beneficio comercial, usuarios de Internet a su sitio web o a cualquiera otra localizaci\u00f3n on line, favoreciendo una posibilidad de confusi\u00f3n con la marca del demandante en cuanto a origen, patrocinio, filiaci\u00f3n o promoci\u00f3n de su sitio web o de un producto o de un servicio en su sitio web.<\/p>\n<p>14.- RESTAURANTEESCALO.COM se reserva el uso de acciones judiciales, civiles y\/o criminales contra aquellas personas f\u00edsicas o jur\u00eddicas y sus representantes que violen lo dispuesto en las presentes condiciones.<\/p>\n<p>15.- RESTAURANTEESCALO.COM le garantiza la confidencialidad de sus datos personales. Ning\u00fan dato que nos proporcione ser\u00e1 compartido con organizaci\u00f3n o empresa ajena a RESTAURANTEESCALO.COM. En cumplimiento con la Ley org\u00e1nica de Protecci\u00f3n de Datos (LOPD), el usuario de RESTAURANTEESCALO.COM podr\u00e1 en todo momento, ejercitar los derechos de acceso, rectificaci\u00f3n y cancelaci\u00f3n de sus datos en los t\u00e9rminos previstos en la referida Ley y dem\u00e1s normas que la desarrollan. E-mail: INFO@RESTAURANTEESCALO.COM.<\/p>\n<p>16.- La p\u00e1gina web de RESTAURANTEESCALO.COM se rige conforme a la legislaci\u00f3n espa\u00f1ola y se encuentra bajo la jurisdicci\u00f3n de los Jueces y Tribunales de Espa\u00f1a. Toda controversia, conflicto, o reclamaci\u00f3n que pueda originarse respecto al cumplimiento de las condiciones de uso de la p\u00e1gina web RESTAURANTEESCALO.COM, y cualquier conflicto que guarde relaci\u00f3n con los contenidos y servicios de la p\u00e1gina web, ser\u00e1 resuelto por los Jueces y Tribunales de Ibiza (Espa\u00f1a) y se interpretar\u00e1 conforme a la legislaci\u00f3n espa\u00f1ola, renunciando las partes al fuero propio que pudiera corresponderles.<\/p>\n<p>17.- El acceso a RESTAURANTEESCALO.COM implica la aceptaci\u00f3n por el usuario de los t\u00e9rminos y condiciones contenidos en esta p\u00e1gina web. RESTAURANTEESCALO.COM se reserva el derecho a modificar los t\u00e9rminos, condiciones y comunicaciones en base a los cuales se ofrece esta p\u00e1gina Web.[\/vc_column_text][\/vc_column][vc_column width=\u00bb1\/6&#8243;][\/vc_column][\/vc_row][vc_row][vc_column][vc_empty_space height=\u00bb80&#8243;][\/vc_column][\/vc_row][mk_page_section bg_image=\u00bbhttp:\/\/www.restauranteescalo.com\/formentera\/wp-content\/uploads\/2016\/09\/IMG_7584b1.jpg\u00bb bg_stretch=\u00bbtrue\u00bb min_height=\u00bb640&#8243; has_top_shape_divider=\u00bbtrue\u00bb top_shape_size=\u00bbsmall\u00bb top_shape_color=\u00bb#ffffff\u00bb has_bottom_shape_divider=\u00bbtrue\u00bb bottom_shape_size=\u00bbsmall\u00bb bottom_shape_color=\u00bb#ffffff\u00bb sidebar=\u00bbsidebar-1&#8243;][vc_column][\/vc_column][\/mk_page_section][vc_row][vc_column][vc_empty_space height=\u00bb80px\u00bb][mk_fancy_title tag_name=\u00bbh3&#8243; size=\u00bb18&#8243; font_weight=\u00bb400&#8243; txt_transform=\u00bbnone\u00bb font_family=\u00bbnone\u00bb align=\u00bbcenter\u00bb]<strong>* Siguenos;<\/strong> fotos, noticias, platos&#8230; sorpresas.[\/mk_fancy_title][vc_column_text align=\u00bbcenter\u00bb]<a href=\"https:\/\/www.facebook.com\/RestaurantEsCalo\" target=\"_blank\"><img loading=\"lazy\" class=\"fade alignnone wp-image-122 size-full\" src=\"http:\/\/www.restauranteescalo.com\/formentera\/wp-content\/uploads\/2016\/09\/i1.png\" alt=\"i1\" width=\"36\" height=\"32\" \/><\/a>\u00a0\u00a0\u00a0 <a href=\"https:\/\/twitter.com\/restauranescalo\" target=\"_blank\"><img loading=\"lazy\" class=\"fade alignnone wp-image-123 size-full\" src=\"http:\/\/www.restauranteescalo.com\/formentera\/wp-content\/uploads\/2016\/09\/i2.png\" alt=\"i2\" width=\"36\" height=\"32\" \/><\/a>\u00a0\u00a0\u00a0<a href=\"https:\/\/www.tripadvisor.es\/Restaurant_Review-g3373401-d3372861-Reviews-Es_Calo_Restaurant-Calo_de_Sant_Agusti_Formentera_Balearic_Islands.html\" target=\"_blank\"><img loading=\"lazy\" class=\"fade alignnone wp-image-124 size-full\" src=\"http:\/\/www.restauranteescalo.com\/formentera\/wp-content\/uploads\/2016\/09\/i3.png\" alt=\"i3\" width=\"36\" height=\"32\" \/><\/a>\u00a0\u00a0\u00a0<a href=\"https:\/\/www.instagram.com\/escalo_rest\/\" target=\"_blank\"><img loading=\"lazy\" class=\"fade alignnone wp-image-125 size-full\" src=\"http:\/\/www.restauranteescalo.com\/formentera\/wp-content\/uploads\/2016\/09\/i4.png\" alt=\"i4\" width=\"36\" height=\"32\" \/><\/a>\u00a0\u00a0 <a href=\"https:\/\/vimeo.com\/user14272299\" target=\"_blank\"><img loading=\"lazy\" class=\"fade alignnone wp-image-127 size-full\" src=\"http:\/\/www.restauranteescalo.com\/formentera\/wp-content\/uploads\/2016\/09\/i6.png\" alt=\"i6\" width=\"36\" height=\"32\" \/><\/a>\u00a0\u00a0\u00a0<a href=\"https:\/\/es.pinterest.com\/escalorest\/boards\/\" target=\"_blank\"><img loading=\"lazy\" class=\"fade alignnone wp-image-128 size-full\" src=\"http:\/\/www.restauranteescalo.com\/formentera\/wp-content\/uploads\/2016\/09\/i7.png\" alt=\"i7\" width=\"36\" height=\"32\" \/><\/a>[\/vc_column_text][vc_empty_space height=\u00bb80px\u00bb][\/vc_column][\/vc_row]\n","protected":false},"excerpt":{"rendered":"<p>[mk_page_section bg_image=\u00bbhttp:\/\/www.restauranteescalo.com\/formentera\/wp-content\/uploads\/2016\/09\/IMG_7680lala.jpg\u00bb bg_stretch=\u00bbtrue\u00bb bg_gradient=\u00bbleft_top\u00bb min_height=\u00bb300&#8243; padding_top=\u00bb120&#8243; padding_bottom=\u00bb20&#8243; sidebar=\u00bbsidebar-1&#8243;][vc_column][vc_column_text align=\u00bbcenter\u00bb][\/vc_column_text][mk_fancy_title color=\u00bb#ffffff\u00bb size=\u00bb42&#8243; font_weight=\u00bb400&#8243; txt_transform=\u00bbnone\u00bb font_family=\u00bbSatisfy\u00bb font_type=\u00bbgoogle\u00bb align=\u00bbcenter\u00bb]Aviso Legal[\/mk_fancy_title][\/vc_column][\/mk_page_section][vc_row][vc_column][vc_empty_space height=\u00bb60&#8243;][\/vc_column][\/vc_row][vc_row][vc_column width=\u00bb2\/3&#8243;][mk_fancy_title color=\u00bb#009ee0&#8243; size=\u00bb30&#8243; font_weight=\u00bb400&#8243; txt_transform=\u00bbnone\u00bb margin_bottom=\u00bb10&#8243; font_family=\u00bbnone\u00bb]Aviso Legal[\/mk_fancy_title][\/vc_column][vc_column width=\u00bb1\/3&#8243;][\/vc_column][\/vc_row][vc_row][vc_column width=\u00bb5\/6&#8243;][vc_column_text]1.- RESTAURANTEESCALO.com no guarda, ni almacena ning\u00fan tipo de dato de ninguna persona o visitante a la web de www.RESTAURANTEESCALO.com, la \u00fanica finalidad de cualquier formulario de contacto [&hellip;]<\/p>\n","protected":false},"author":1,"featured_media":0,"parent":0,"menu_order":0,"comment_status":"open","ping_status":"open","template":"","meta":[],"_links":{"self":[{"href":"https:\/\/www.restauranteescalo.com\/formentera\/wp-json\/wp\/v2\/pages\/571"}],"collection":[{"href":"https:\/\/www.restauranteescalo.com\/formentera\/wp-json\/wp\/v2\/pages"}],"about":[{"href":"https:\/\/www.restauranteescalo.com\/formentera\/wp-json\/wp\/v2\/types\/page"}],"author":[{"embeddable":true,"href":"https:\/\/www.restauranteescalo.com\/formentera\/wp-json\/wp\/v2\/users\/1"}],"replies":[{"embeddable":true,"href":"https:\/\/www.restauranteescalo.com\/formentera\/wp-json\/wp\/v2\/comments?post=571"}],"version-history":[{"count":9,"href":"https:\/\/www.restauranteescalo.com\/formentera\/wp-json\/wp\/v2\/pages\/571\/revisions"}],"predecessor-version":[{"id":598,"href":"https:\/\/www.restauranteescalo.com\/formentera\/wp-json\/wp\/v2\/pages\/571\/revisions\/598"}],"wp:attachment":[{"href":"https:\/\/www.restauranteescalo.com\/formentera\/wp-json\/wp\/v2\/media?parent=571"}],"curies":[{"name":"wp","href":"https:\/\/api.w.org\/{rel}","templated":true}]}}